0 = 3*i - i - 5*j - 19, -5*i + 4 = 2*j. Suppose 2*r = 5*u - 2*r - 878, -i*u + 353 = -r. What are the prime factors of u?
2, 89
Let b(c) = -4*c**2 + 13. Let o be b(-5). Let i = -7 - o. List the prime factors of i.
2, 5
Suppose 126*z - 2504 = 122*z. List the prime factors of z.
2, 313
Let w(x) = x**2 - 5*x + 4. Let q be w(6). Suppose q*p + 6 = 13*p. Suppose -p*h = -53 - 11. What are the prime factors of h?
2
Let p(k) be the second derivative of -1/12*k**4 + 0 - 3/2*k**3 + 7/2*k**2 - 7*k. What are the prime factors of p(-9)?
7
Suppose 2*p + 4 = 18. Suppose p*y - 45 - 179 = 0. What are the prime factors of y?
2
Let r(s) = -40*s**3 + 3*s + 2. Suppose -5*j - 1 = -3*w - w, -5*j + w = 4. List the prime factors of r(j).
3, 13
Let k = -13 - -15. Let a be (k - 3/1)*0. Suppose a = 3*s + 5*x - 77, -21 = -s - 5*x + x. What are the prime factors of s?
29
What are the prime factors of (-4155)/3*87/(-145)?
3, 277
Let o = 27 + -25. Let w = 37 - o. List the prime factors of w.
5, 7
Let z(h) = 3*h**2 - 5*h + 1. Let k be z(7). Suppose -5*o + k = 38. Suppose 13 = 2*v - o. List the prime factors of v.
2, 7
Let w(y) = 2*y**2 + 10*y - 10. What are the prime factors of w(5)?
2, 3, 5
Let j(u) = 221*u**2 - 34*u - 68. What are the prime factors of j(-2)?
2, 13, 17
Let h(d) = d**2 + 8*d - 14. Let c be h(-10). Let o(j) = -j**3 + 7*j**2 - 7*j. Let k be o(c). Let n(u) = u**3 + 8*u**2 + 5*u - 2. List the prime factors of n(k).
2, 5
Let i be (1 - 4)/(2/(-10)). List the prime factors of ((-27)/4)/(i/(-200)).
2, 3, 5
Suppose 0 = 3*p + 2*p + 55. Let u be (-2)/p - 80/(-44). List the prime factors of 395/55 - u/11.
7
Suppose -3*b - 2*x - 250 = 0, -2*x - 4 = -3*x. Let d = b + 134. What are the prime factors of d?
2, 3
Let v(k) = -172*k**3 + 4*k**2 + 3*k - 2. List the prime factors of v(-1).
3, 19
Suppose 116*v - 111*v - 2580 = 0. List the prime factors of v.
2, 3, 43
Suppose 2*c - 516 = 926. List the prime factors of c.
7, 103
Suppose 4*x - 2*x = 3*g - 1821, -2*x = -2*g + 1214. What are the prime factors of g?
607
Let t(y) = 116*y + 13. Let b(m) = -39*m - 4. Let d(v) = -7*b(v) - 2*t(v). Let p(j) = j**2 - 36*j + 69. Let n be p(34). List the prime factors of d(n).
43
Let t(i) = i**3 + 15*i**2 + 45*i + 6. Let f be t(-13). List the prime factors of 4 - (f - (-3 - (-7 - 0))).
3, 83
Let x = 1983 - 1263. Suppose 7*s = 12*s - x. Let i = s + -78. What are the prime factors of i?
2, 3, 11
Suppose 4*c = 2*i - 258, -4*c - 367 = -3*i - 8*c. What are the prime factors of i?
5
Let j(f) = f**3 + 3*f**2 - 8*f - 9. Let m be j(-4). Let c = m - -5. List the prime factors of c.
2, 3
Let c = 78 + -82. Let h(n) = -28*n + 2. List the prime factors of h(c).
2, 3, 19
Suppose -9 = -7*a + 4*a. Let j(g) = 24 - 2*g - 5*g**2 - g**a - 25 - 3*g. List the prime factors of j(-4).
3
List the prime factors of (3 - 3000/(-6)) + 6.
509
Let j = 149 - 102. Suppose j = -4*g - 101. Let a = g + 98. What are the prime factors of a?
61
Let d(g) = -27*g - 699. What are the prime factors of d(-51)?
2, 3, 113
Suppose 2*m + 253 = 263, -3*m = -2*x + 2253. List the prime factors of x.
2, 3, 7
Suppose 0 = -6*n + n. Suppose n = -4*m - 12, 6 = -2*p + p - m. List the prime factors of (p/(-6))/(5/270).
3
Let f be 9*(3 + 16/(-6)). Let u = f - -20. List the prime factors of u.
23
Let t(h) = 3*h - 177 + 382 - 183. What are the prime factors of t(7)?
43
Let u(k) = 1 - 5*k**2 - 80*k**3 + k + 5 + 68*k**3 - 4. List the prime factors of u(-2).
2, 19
Let n(f) = 5*f + 2. Let d be n(5). Let x = -38 + d. What are the prime factors of 8/(-44) - 57/x?
5
Suppose 5*z - 3*a + 4 = 0, -3*z + a = 2*a + 8. Let f = 93 - 75. List the prime factors of 3/z*(-24)/f.
2
Suppose 70 = 5*l - 0*l - 3*g, 4*l + 3*g = 29. Let m = 17 - l. Suppose 134 + 136 = m*t. List the prime factors of t.
3, 5
Let v(o) = -o**3 - 7*o**2 + 9*o + 4. Let g be v(-8). Let n(c) be the first derivative of c**4/4 + 2*c**3 + c**2 - 47. What are the prime factors of n(g)?
2, 3
Suppose 4276 = 10*o - 1024. What are the prime factors of o?
2, 5, 53
Let k(o) = 0*o - 11 + o - 2*o. Let w be k(-5). List the prime factors of w*((-52)/6)/2.
2, 13
Suppose 4184 = 2*f - 7*y + 3*y, -4*y = -f + 2094. List the prime factors of f.
2, 5, 11, 19
Suppose 7989 = l - 6*n + 1727, 5*l - 2*n - 31282 = 0. What are the prime factors of l?
2, 17, 23
Suppose 78 = -4*x - 1398. What are the prime factors of (0 - x)/3 + 4?
127
Suppose -37*f = 5*m - 33*f - 9972, -m = f - 1994. What are the prime factors of m?
2, 499
Suppose -4*o = 3*h - 20, -5*o - 3*h = -0*o - 22. Suppose 2*v - o = 268. List the prime factors of v.
3, 5
Let g(s) be the second derivative of s**4/12 - 5*s**3/6 + 3*s**2/2 - s + 6. What are the prime factors of g(-15)?
3, 101
Let q be (-11 - -4) + -1 + 2. Let o = 13 - 4. What are the prime factors of -6*(o/q - -1)?
3
Let p(l) = -210*l - 639. What are the prime factors of p(-7)?
3, 277
Let n be 3/4 + (-635)/20. Suppose -21*o + 22*o = -1. Let g = o - n. List the prime factors of g.
2, 3, 5
List the prime factors of (-3)/9*-4046*(-17 - -20).
2, 7, 17
Suppose -7*s + 243 = -3509. List the prime factors of s/12 + (-3)/(-9).
3, 5
Let o = -815 - -3079. List the prime factors of o.
2, 283
Suppose 0 = -5*c + 3*m - 6, 0*c + 10 = -3*c + 5*m. Suppose c = -z - 3 + 7. Suppose -3*b + z*f + 19 = -65, -3*b - 3*f = -63. List the prime factors of b.
2, 3
List the prime factors of 11*4/(-8)*1*-94.
11, 47
Let p = -2 + 5. Let t be (4 + (-352)/(-8))*(-1)/(-1). Suppose 4*o - 3*o = -l + 23, 0 = -2*o - p*l + t. What are the prime factors of o?
3, 7
Suppose -3*i - 21 = -4*b, b + 2*i + 2*i - 10 = 0. Let f be ((-20)/(-12))/((-1)/(-3)). Suppose -4 = -f*g + b. What are the prime factors of g?
2
Suppose -3*k + 142 - 19 = h, 4*k + 408 = 3*h. What are the prime factors of h?
2, 3, 11
Let k = 963 - -721. List the prime factors of k.
2, 421
Let f = 17 - 12. Suppose 20 = -f*x + 10*x. Suppose -i = -y + 81, x*y - 3*i - 328 = 2*i. List the prime factors of y.
7, 11
What are the prime factors of 170358/90 - 4/(-30)?
3, 631
Let l = 6663 + -2456. What are the prime factors of l?
7, 601
Let r = 48 - 37. Let g = r - -111. List the prime factors of g.
2, 61
Let f = 71 - 51. What are the prime factors of (-861)/(-6) - f/(-8)?
2, 73
Let k = 2430 - 1551. What are the prime factors of k?
3, 293
Let x(f) = -2822*f**3 - 2*f**2 + 5*f + 6. What are the prime factors of x(-1)?
7, 13, 31
Let f(v) = v**3 - 14*v**2 - 8*v - 7. What are the prime factors of f(16)?
13, 29
Suppose p - 96 = 94. Let q = p - 123. What are the prime factors of q?
67
Suppose -22 = -3*y + 20. Suppose 4 = 3*g - y. List the prime factors of g.
2, 3
Let s = 457 - 191. List the prime factors of s.
2, 7, 19
Let j(x) be the third derivative of x**3 + 0*x + 0 + 1/60*x**5 - 1/12*x**4 + 5*x**2. List the prime factors of j(4).
2, 7
Suppose 14*z = 19*z. Suppose 0 = 2*n + 4*x - 18, 0 = n - 3*x - z*x + 6. Suppose n*g - 11 = -2*m - 0*g, -m = -4*g - 22. What are the prime factors of m?
2, 5
Let x = -7760 + 11803. List the prime factors of x.
13, 311
Suppose 5*t + 12 - 12 = 0. Suppose -5*b + 228 + 926 = -u, 5*b - 5*u - 1170 = t. What are the prime factors of b?
2, 5, 23
Let h = 912 + 766. What are the prime factors of h?
2, 839
Let m = -51 - -61. Let x = 111 - m. List the prime factors of x.
101
Let c(h) = 21*h - 4. Let l be c(2). Let s be l - (-4)/8*2. Suppose -191 = -5*z + s. List the prime factors of z.
2, 23
Suppose -4*k = -11*k. Suppose 5*c - 1228 = -3*l, -2*c - 4*l + 382 + 98 = k. List the prime factors of c.
2, 31
Let t(l) = -9*l - 6 + 4*l**2 + 17*l - 3*l. Let q(n) = -n**3 - 8*n**2 - 6*n + 10. Let w be q(-7). What are the prime factors of t(w)?
3, 5
Let h = -84 - -136. Let j = 64 - h. What are the prime factors of j?
2, 3
Let d(c) be the first derivative of 3*c**2/2 - 3*c - 1. Suppose -y + 1 = 2*g, 12 + 1 = y - g. What are the prime factors of d(y)?
2, 3
Suppose -7*c + 3*c + 247 = 3*d, 3*d + 58 = c. What are the prime factors of c + (-9)/15*-5?
2
Suppose 0 = -5*b - 4*j - 24, -2*j - 17 = 3*b + 3*j. Let v(k) = -2*k**3 + k**2 - 4*k - 10. List the prime factors of v(b).
2, 3, 5
Let w be (-1 - -13)*(2 - (-8)/(-6)). Suppose -w*u + 351 + 1737 = 0. What are the prime factors of u?
3, 29
List the prime factors of -568*2/(-8)*3.
2, 3, 71
Let b(f) = f**2 - 3*f - 7. Let u be b(5). Let k be u/(-2)*2132/(-39). Suppose -